677?
7
What is the hundreds digit of 2347?
3
What is the thousands digit of 19005?
9
What is the hundreds digit of 34150?
1
What is the units digit of 2886?
6
What is the units digit of 616?
6
What is the tens digit of 61461?
6
What is the units digit of 470?
0
What is the thousands digit of 4060?
4
What is the tens digit of 1456?
5
What is the hundreds digit of 56655?
6
What is the units digit of 3774?
4
What is the tens digit of 959?
5
What is the units digit of 1242?
2
What is the units digit of 9410?
0
What is the units digit of 11836?
6
What is the tens digit of 1169?
6
What is the hundreds digit of 338?
3
What is the thousands digit of 8404?
8
What is the tens digit of 38867?
6
What is the thousands digit of 12262?
2
What is the thousands digit of 61201?
1
What is the ten thousands digit of 95282?
9
What is the units digit of 1073?
3
What is the tens digit of 1607?
0
What is the tens digit of 2827?
2
What is the units digit of 8350?
0
What is the thousands digit of 87978?
7
What is the units digit of 337?
7
What is the tens digit of 87?
8
What is the thousands digit of 58029?
8
What is the tens digit of 10249?
4
What is the hundreds digit of 652?
6
What is the units digit of 3771?
1
What is the hundreds digit of 20807?
8
What is the thousands digit of 6261?
6
What is the tens digit of 457?
5
What is the hundreds digit of 59774?
7
What is the hundreds digit of 2132?
1
What is the hundreds digit of 1004?
0
What is the hundreds digit of 4836?
8
What is the units digit of 140839?
9
What is the thousands digit of 5624?
5
What is the units digit of 10604?
4
What is the thousands digit of 81841?
1
What is the tens digit of 174?
7
What is the hundreds digit of 25179?
1
What is the hundreds digit of 3246?
2
What is the hundreds digit of 46089?
0
What is the tens digit of 964?
6
What is the units digit of 386?
6
What is the tens digit of 2947?
4
What is the hundreds digit of 3694?
6
What is the ten thousands digit of 14752?
1
What is the units digit of 480?
0
What is the units digit of 1428?
8
What is the units digit of 6838?
8
What is the thousands digit of 13009?
3
What is the hundreds digit of 16607?
6
What is the units digit of 24835?
5
What is the thousands digit of 1519?
1
What is the thousands digit of 6258?
6
What is the ten thousands digit of 82695?
8
What is the units digit of 2076?
6
What is the units digit of 3207?
7
What is the hundreds digit of 68545?
5
What is the hundreds digit of 546?
5
What is the tens digit of 1221?
2
What is the units digit of 14088?
8
What is the thousands digit of 62323?
2
What is the tens digit of 2843?
4
What is the tens digit of 1043?
4
What is the tens digit of 41084?
8
What is the tens digit of 11930?
3
What is the ten thousands digit of 34976?
3
What is the units digit of 675?
5
What is the tens digit of 123698?
9
What is the thousands digit of 1158?
1
What is the thousands digit of 5687?
5
What is the hundreds digit of 711?
7
What is the tens digit of 7671?
7
What is the units digit of 5662?
2
What is the units digit of 12932?
2
What is the thousands digit of 4476?
4
What is the tens digit of 971?
7
What is the tens digit of 685?
8
What is the hundreds digit of 518?
5
What is the thousands digit of 1247?
1
What is the tens digit of 2045?
4
What is the ten thousands digit of 42193?
4
What is the hundreds digit of 75118?
1
What is the hundreds digit of 9741?
7
What is the units digit of 432?
2
What is the tens digit of 1959?
5
What is the units digit of 34842?
2
What is the hundreds digit of 1185?
1
What is the thousands digit of 78821?
8
What is the thousands digit of 5425?
5
What is the hundreds digit of 127370?
3
What is the ten thousands digit of 70264?
7
What is the thousands digit of 10775?
0
What is the hundreds digit of 2919?
9
What is the units digit of 27610?
0
What is the hundreds digit of 1597?
5
What is the tens digit of 4169?
6
What is the units digit of 372?
2
What is the hundreds digit of 2211?
2
What is the units digit of 2252?
2
What is the ten thousands digit of 20021?
2
What is the hundreds digit of 1094?
0
What is the tens digit of 6383?
8
What is the tens digit of 482?
8
What is the tens digit of 2757?
5
What is the units digit of 52596?
6
What is the units digit of 59?
9
What is the units digit of 3934?
4
What is the units digit of 10288?
8
What is the units digit of 2914?
4
What is the thousands digit of 8556?
8
What is the units digit of 68369?
9
What is the tens digit of 2067?
6
What is the tens digit of 1652?
5
What is the thousands digit of 2186?
2
What is the units digit of 49981?
1
What is the thousands digit of 2107?
2
What is the tens digit of 2014?
1
What is the hundreds digit of 513?
5
What is the hundreds digit of 972?
9
What is the tens digit of 165437?
3
What is the tens digit of 3299?
9
What is the hundreds digit of 809?
8
What is the thousands digit of 2156?
2
What is the hundreds digit of 2401?
4
What is the units digit of 60097?
7
What is the units digit of 1636?
6
What is the tens digit of 17022?
2
What is the tens digit of 8655?
5
What is the thousands digit of 2268?
2
What is the tens digit of 11301?
0
What is the tens digit of 2883?
8
What is the ten thousands digit of 10934?
1
What is the units digit of 45943?
3
What is the units digit of 6789?
9
What is the ten thousands digit of 13851?
1
What is the hundreds digit of 72263?
2
What is the thousands digit of 1578?
1
What is the ten thousands digit of 39087?
3
What is the hundreds digit of 455?
4
What is the hundreds digit of 1156?
1
What is the units digit of 1059?
9
What is the hundreds digit of 11599?
5
What is the hundred thousands digit of 143790?
1
What is the units digit of 1711?
1
What is the units digit of 1767?
7
What is the hundreds digit of 62305?
3
What is the tens digit of 29244?
4
What is the units digit of 1282?
2
What is the tens digit of 4277?
7
What is the tens digit of 4988?
8
What is the tens digit of 5609?
0
What is the ten thousands digit of 11058?
1
What is the tens digit of 1567?
6
What is the hundreds digit of 3731?
7
What is the thousands digit of 21531?
1
What is the hundreds digit of 159158?
1
What is the hundreds digit of 659?
6
What is the units digit of 942?
2
What is the tens digit of 149?
4
What is the hundreds digit of 82650?
6
What is the units digit of 402?
2
What is the hundreds digit of 348?
3
What is the hundreds digit of 53309?
3
What is the units digit of 28687?
7
What is the hundreds digit of 226?
2
What is the units digit of 522?
2
What is the units digit of 1285?
5
What is the tens digit of 634?
3
What is the hundreds digit of 91082?
0
What is the tens digit of 5819?
1
What is the units digit of 36?
6
What is the units digit of 6375?
5
What is the ten thousands digit of 12350?
1
What is the hundreds digit of 464?
4
What is the tens digit of 19021?
2
What is the thousands digit of 1129?
1
What is the tens digit of 1302?
0
What is the units digit of 1618?
8
What is the tens digit of 51?
5
What is the tens digit of 4018?
1
What is the thousands digit of 1326?
1
What is the tens digit of 1958?
5
What is the units digit of 8028?
8
What is the units digit of 577?
7
What is the hundreds digit of 856?
8
What is the ten thousands digit of 37619?
3
What is the thousands digit of 4911?
4
What is the ten thousands digit of 22969?
2
What is the tens digit of 1853?
5
What is the tens digit of 3056?
5
What is the units digit of 2170?
0
What is the hundreds digit of 11497?
4
What is the thousands digit of 22558?
2
What is the tens digit of 1624?
2
What is the units digit of 9897?
7
What is the hundreds digit of 180?
1
What is the hundreds digit of 9515?
5
What is the ten thousands digit of 73434?
7
What is the units digit of 3262?
2
What is the hundreds digit of 5564?
5
What is the thousands digit of 4069?
4
What is the hundreds digit of 934?
9
What is the tens digit of 680?
8
What is the hundreds digit of 820?
8
What is the tens digit of 310?
1
What is the tens digit of 4587?
8
What is the tens digit of 2393?
9
What is the tens digit of 46369?
6
What is the thousands digit of 67510?
7
What is the units digit of 3239?
9
What is the tens digit of 5629?
2
What is the thousands digit of 12633?
2
What is the thousands digit of 62791?
2
What is the tens digit of 866?
6
What is the 